{"id":315,"date":"2020-07-05T10:44:44","date_gmt":"2020-07-05T08:44:44","guid":{"rendered":"https:\/\/bizbergthemes.com\/ngo-charity-fundraising-pro\/?page_id=315"},"modified":"2025-08-12T01:06:56","modified_gmt":"2025-08-11T23:06:56","slug":"contact","status":"publish","type":"page","link":"https:\/\/atahs-td.org\/index.php\/contact\/","title":{"rendered":"Contact"},"content":{"rendered":"\t\t<div data-elementor-type=\"wp-page\" data-elementor-id=\"315\" class=\"elementor elementor-315\" data-elementor-post-type=\"page\">\n\t\t\t\t\t\t<section data-particle_enable=\"false\" data-particle-mobile-disabled=\"false\" class=\"elementor-section elementor-top-section elementor-element elementor-element-1741430e elementor-section-stretched elementor-section-boxed elementor-section-height-default elementor-section-height-default\" data-id=\"1741430e\" data-element_type=\"section\" data-e-type=\"section\" data-settings=\"{&quot;background_background&quot;:&quot;classic&quot;,&quot;stretch_section&quot;:&quot;section-stretched&quot;}\">\n\t\t\t\t\t\t\t<div class=\"elementor-background-overlay\"><\/div>\n\t\t\t\t\t\t\t<div class=\"elementor-container elementor-column-gap-default\">\n\t\t\t\t\t<div class=\"elementor-column elementor-col-100 elementor-top-column elementor-element elementor-element-3c17342d\" data-id=\"3c17342d\" data-element_type=\"column\" data-e-type=\"column\">\n\t\t\t<div class=\"elementor-widget-wrap elementor-element-populated\">\n\t\t\t\t\t\t<div class=\"elementor-element elementor-element-546164ee elementor-widget elementor-widget-heading\" data-id=\"546164ee\" data-element_type=\"widget\" data-e-type=\"widget\" data-widget_type=\"heading.default\">\n\t\t\t\t<div class=\"elementor-widget-container\">\n\t\t\t\t\t<h2 class=\"elementor-heading-title elementor-size-default\">Contact<\/h2>\t\t\t\t<\/div>\n\t\t\t\t<\/div>\n\t\t\t\t\t<\/div>\n\t\t<\/div>\n\t\t\t\t\t<\/div>\n\t\t<\/section>\n\t\t\t\t<section data-particle_enable=\"false\" data-particle-mobile-disabled=\"false\" class=\"elementor-section elementor-top-section elementor-element elementor-element-5215c07a elementor-section-boxed elementor-section-height-default elementor-section-height-default\" data-id=\"5215c07a\" data-element_type=\"section\" data-e-type=\"section\">\n\t\t\t\t\t\t\t<div class=\"elementor-background-overlay\"><\/div>\n\t\t\t\t\t\t\t<div class=\"elementor-container elementor-column-gap-default\">\n\t\t\t\t\t<div class=\"elementor-column elementor-col-100 elementor-top-column elementor-element elementor-element-79fb3416\" data-id=\"79fb3416\" data-element_type=\"column\" data-e-type=\"column\">\n\t\t\t<div class=\"elementor-widget-wrap elementor-element-populated\">\n\t\t\t\t\t\t<div class=\"elementor-element elementor-element-b02a979 elementor-widget elementor-widget-heading\" data-id=\"b02a979\" data-element_type=\"widget\" data-e-type=\"widget\" data-widget_type=\"heading.default\">\n\t\t\t\t<div class=\"elementor-widget-container\">\n\t\t\t\t\t<h2 class=\"elementor-heading-title elementor-size-default\">Notre localisation (Si\u00e8ge)<\/h2>\t\t\t\t<\/div>\n\t\t\t\t<\/div>\n\t\t\t\t\t<\/div>\n\t\t<\/div>\n\t\t\t\t\t<\/div>\n\t\t<\/section>\n\t\t\t\t<section data-particle_enable=\"false\" data-particle-mobile-disabled=\"false\" class=\"elementor-section elementor-top-section elementor-element elementor-element-b6bf94c elementor-section-boxed elementor-section-height-default elementor-section-height-default\" data-id=\"b6bf94c\" data-element_type=\"section\" data-e-type=\"section\">\n\t\t\t\t\t\t<div class=\"elementor-container elementor-column-gap-default\">\n\t\t\t\t\t<div class=\"elementor-column elementor-col-100 elementor-top-column elementor-element elementor-element-d643834\" data-id=\"d643834\" data-element_type=\"column\" data-e-type=\"column\">\n\t\t\t<div class=\"elementor-widget-wrap elementor-element-populated\">\n\t\t\t\t\t\t<div class=\"elementor-element elementor-element-109621b elementor-widget elementor-widget-google_maps\" data-id=\"109621b\" data-element_type=\"widget\" data-e-type=\"widget\" data-widget_type=\"google_maps.default\">\n\t\t\t\t<div class=\"elementor-widget-container\">\n\t\t\t\t\t\t\t<div class=\"elementor-custom-embed\">\n\t\t\t<iframe loading=\"lazy\"\n\t\t\t\t\tsrc=\"https:\/\/maps.google.com\/maps?q=12.117740%2C%2015.093030&#038;t=m&#038;z=14&#038;output=embed&#038;iwloc=near\"\n\t\t\t\t\ttitle=\"12.117740, 15.093030\"\n\t\t\t\t\taria-label=\"12.117740, 15.093030\"\n\t\t\t><\/iframe>\n\t\t<\/div>\n\t\t\t\t\t\t<\/div>\n\t\t\t\t<\/div>\n\t\t\t\t<div class=\"elementor-element elementor-element-8c1ca39 elementor-widget elementor-widget-image\" data-id=\"8c1ca39\" data-element_type=\"widget\" data-e-type=\"widget\" data-widget_type=\"image.default\">\n\t\t\t\t<div class=\"elementor-widget-container\">\n\t\t\t\t\t\t\t\t\t\t\t\t\t\t\t<img fetchpriority=\"high\" decoding=\"async\" width=\"640\" height=\"534\" src=\"https:\/\/atahs-td.org\/wp-content\/uploads\/2025\/08\/location-atahs.png\" class=\"attachment-large size-large wp-image-1459\" alt=\"\" srcset=\"https:\/\/atahs-td.org\/wp-content\/uploads\/2025\/08\/location-atahs.png 890w, https:\/\/atahs-td.org\/wp-content\/uploads\/2025\/08\/location-atahs-300x250.png 300w, https:\/\/atahs-td.org\/wp-content\/uploads\/2025\/08\/location-atahs-768x640.png 768w\" sizes=\"(max-width: 640px) 100vw, 640px\" \/>\t\t\t\t\t\t\t\t\t\t\t\t\t\t\t<\/div>\n\t\t\t\t<\/div>\n\t\t\t\t\t<\/div>\n\t\t<\/div>\n\t\t\t\t\t<\/div>\n\t\t<\/section>\n\t\t\t\t<section data-particle_enable=\"false\" data-particle-mobile-disabled=\"false\" class=\"elementor-section elementor-top-section elementor-element elementor-element-6ca779e elementor-section-boxed elementor-section-height-default elementor-section-height-default\" data-id=\"6ca779e\" data-element_type=\"section\" data-e-type=\"section\">\n\t\t\t\t\t\t\t<div class=\"elementor-background-overlay\"><\/div>\n\t\t\t\t\t\t\t<div class=\"elementor-container elementor-column-gap-default\">\n\t\t\t\t\t<div class=\"elementor-column elementor-col-50 elementor-top-column elementor-element elementor-element-4df7bd0 elementor-invisible\" data-id=\"4df7bd0\" data-element_type=\"column\" data-e-type=\"column\" data-settings=\"{&quot;animation&quot;:&quot;fadeInLeft&quot;}\">\n\t\t\t<div class=\"elementor-widget-wrap elementor-element-populated\">\n\t\t\t\t\t\t<div class=\"elementor-element elementor-element-496a6248 elementor-widget elementor-widget-heading\" data-id=\"496a6248\" data-element_type=\"widget\" data-e-type=\"widget\" data-widget_type=\"heading.default\">\n\t\t\t\t<div class=\"elementor-widget-container\">\n\t\t\t\t\t<h2 class=\"elementor-heading-title elementor-size-default\"> Envoyez-nous un message ici<\/h2>\t\t\t\t<\/div>\n\t\t\t\t<\/div>\n\t\t\t\t<div class=\"elementor-element elementor-element-e0895fe eael-caldera-form-button-full-width eael-caldera-form-labels-yes elementor-widget elementor-widget-eael-caldera-form\" data-id=\"e0895fe\" data-element_type=\"widget\" data-e-type=\"widget\" data-widget_type=\"eael-caldera-form.default\">\n\t\t\t\t<div class=\"elementor-widget-container\">\n\t\t\t\t\t            <div class=\"eael-contact-form eael-caldera-form eael-contact-form-align-default\">\n                                <div class=\"caldera-grid\" id=\"caldera_form_1\" data-cf-ver=\"1.9.4\" data-cf-form-id=\"CF614a088019dd1\"><div id=\"caldera_notices_1\" data-spinner=\"https:\/\/atahs-td.org\/wp-admin\/images\/spinner.gif\"><\/div><form data-instance=\"1\" class=\"CF614a088019dd1 caldera_forms_form cfajax-trigger\" method=\"POST\" enctype=\"multipart\/form-data\" id=\"CF614a088019dd1_1\" data-form-id=\"CF614a088019dd1\" aria-label=\"Form1\" data-target=\"#caldera_notices_1\" data-template=\"#cfajax_CF614a088019dd1-tmpl\" data-cfajax=\"CF614a088019dd1\" data-load-element=\"_parent\" data-load-class=\"cf_processing\" data-post-disable=\"0\" data-action=\"cf_process_ajax_submit\" data-request=\"https:\/\/atahs-td.org\/cf-api\/CF614a088019dd1\" data-hiderows=\"true\">\r\n<input type=\"hidden\" id=\"_cf_verify_CF614a088019dd1\" name=\"_cf_verify\" value=\"77652b12f8\"  data-nonce-time=\"1776386568\" \/><input type=\"hidden\" name=\"_wp_http_referer\" value=\"\/index.php\/wp-json\/wp\/v2\/pages\/315\" \/><div id=\"cf2-CF614a088019dd1_1\"><\/div><input type=\"hidden\" name=\"_cf_frm_id\" value=\"CF614a088019dd1\">\r\n<input type=\"hidden\" name=\"_cf_frm_ct\" value=\"1\">\r\n<input type=\"hidden\" name=\"cfajax\" value=\"CF614a088019dd1\">\r\n<input type=\"hidden\" name=\"_cf_cr_pst\" value=\"315\">\r\n<div class=\"hide\" style=\"display:none; overflow:hidden;height:0;width:0;\">\r\n<label>Order Number<\/label><input type=\"text\" name=\"order_number\" value=\"\" autocomplete=\"off\">\r\n<\/div><div id=\"CF614a088019dd1_1-row-1\"  class=\"row  first_row\"><div  class=\"col-sm-12  single\"><\/div><\/div><div id=\"CF614a088019dd1_1-row-2\"  class=\"row \"><div  class=\"col-sm-12  single\"><div data-field-wrapper=\"fld_1514157\" class=\"form-group\" id=\"fld_1514157_1-wrap\">\r\n\t<label id=\"fld_1514157Label\" for=\"fld_1514157_1\" class=\"control-label\">Nom complet<\/label>\r\n\t<div class=\"\">\r\n\t\t<input    type=\"text\" data-field=\"fld_1514157\" class=\" form-control\" id=\"fld_1514157_1\" name=\"fld_1514157\" value=\"\" data-type=\"text\"   aria-labelledby=\"fld_1514157Label\" >\t\t\t<\/div>\r\n<\/div>\r\n<\/div><\/div><div id=\"CF614a088019dd1_1-row-3\"  class=\"row \"><div  class=\"col-sm-12  single\"><div data-field-wrapper=\"fld_7598442\" class=\"form-group\" id=\"fld_7598442_1-wrap\">\r\n\t<label id=\"fld_7598442Label\" for=\"fld_7598442_1\" class=\"control-label\">Num\u00e9ro de t\u00e9l\u00e9phone<\/label>\r\n\t<div class=\"\">\r\n\t\t<input    type=\"tel\" data-field=\"fld_7598442\" class=\" form-control\" id=\"fld_7598442_1\" name=\"fld_7598442\" value=\"\" data-type=\"phone_better\"   aria-labelledby=\"fld_7598442Label\" >\t\t\t<\/div>\r\n<\/div>\r\n<\/div><\/div><div id=\"CF614a088019dd1_1-row-4\"  class=\"row \"><div  class=\"col-sm-12  single\"><div data-field-wrapper=\"fld_7976938\" class=\"form-group\" id=\"fld_7976938_1-wrap\">\r\n\t<label id=\"fld_7976938Label\" for=\"fld_7976938_1\" class=\"control-label\">Adresse E-mail<\/label>\r\n\t<div class=\"\">\r\n\t\t<input    type=\"email\" data-field=\"fld_7976938\" class=\" form-control\" id=\"fld_7976938_1\" name=\"fld_7976938\" value=\"\" data-type=\"email\"   aria-labelledby=\"fld_7976938Label\" >\t\t\t<\/div>\r\n<\/div>\r\n<\/div><\/div><div id=\"CF614a088019dd1_1-row-5\"  class=\"row \"><div  class=\"col-sm-12  single\"><div data-field-wrapper=\"fld_6930688\" class=\"form-group\" id=\"fld_6930688_1-wrap\">\r\n\t<label id=\"fld_6930688Label\" for=\"fld_6930688_1\" class=\"control-label\">Message<\/label>\r\n\t<div class=\"\">\r\n\t\t<textarea name=\"fld_6930688\" value=\"\" data-field=\"fld_6930688\" class=\"form-control\" id=\"fld_6930688_1\" rows=\"4\"    aria-labelledby=\"fld_6930688Label\" ><\/textarea>\n\t\t\t<\/div>\r\n<\/div>\r\n<\/div><\/div><div id=\"CF614a088019dd1_1-row-6\"  class=\"row  last_row\"><div  class=\"col-sm-12  single\"><div data-field-wrapper=\"fld_9825838\" class=\"form-group\" id=\"fld_9825838_1-wrap\">\r\n<div class=\"\">\r\n\t<input  class=\"btn btn-default\" type=\"submit\" name=\"fld_9825838\" id=\"fld_9825838_1\" value=\"Envoyer\" data-field=\"fld_9825838\"  >\n<\/div>\r\n<\/div>\r\n\t<input class=\"button_trigger_1\" type=\"hidden\" name=\"fld_9825838\" id=\"fld_9825838_1_btn\" value=\"\" data-field=\"fld_9825838\"  \/>\n<\/div><\/div><\/form>\r\n<\/div>\r\n            <\/div>\n            \t\t\t\t<\/div>\n\t\t\t\t<\/div>\n\t\t\t\t\t<\/div>\n\t\t<\/div>\n\t\t\t\t<div class=\"elementor-column elementor-col-50 elementor-top-column elementor-element elementor-element-373c007 elementor-invisible\" data-id=\"373c007\" data-element_type=\"column\" data-e-type=\"column\" data-settings=\"{&quot;animation&quot;:&quot;fadeInRight&quot;}\">\n\t\t\t<div class=\"elementor-widget-wrap elementor-element-populated\">\n\t\t\t\t\t\t<div class=\"elementor-element elementor-element-38c320ed elementor-widget elementor-widget-heading\" data-id=\"38c320ed\" data-element_type=\"widget\" data-e-type=\"widget\" data-widget_type=\"heading.default\">\n\t\t\t\t<div class=\"elementor-widget-container\">\n\t\t\t\t\t<h2 class=\"elementor-heading-title elementor-size-default\">Contacts\n<\/h2>\t\t\t\t<\/div>\n\t\t\t\t<\/div>\n\t\t\t\t<div class=\"elementor-element elementor-element-b040405 elementor-widget elementor-widget-eael-feature-list\" data-id=\"b040405\" data-element_type=\"widget\" data-e-type=\"widget\" data-widget_type=\"eael-feature-list.default\">\n\t\t\t\t<div class=\"elementor-widget-container\">\n\t\t\t\t\t\t\t<div class=\"-icon-position-left -tablet-icon-position-left -mobile-icon-position-left\">\n\t\t\t<ul id=\"eael-feature-list-b040405\" class=\"eael-feature-list-items circle stacked  eael-feature-list-vertical\">\n\t\t\t                <li class=\"eael-feature-list-item elementor-repeater-item-1a4648a\">\n                    \n\t\t\t\t\t\t<div class=\"eael-feature-list-icon-box\">\n\t\t\t\t\t\t\t<div class=\"eael-feature-list-icon-inner\">\n\n\t\t\t\t\t\t\t\t<span class=\"eael-feature-list-icon fl-icon-0\">\n\n\t\t<i aria-hidden=\"true\" class=\"fas fa-map-marked-alt\"><\/i>\t\t\t\t\t\t\t\t<\/span>\n\t\t\t\t\t\t\t<\/div>\n\t\t\t\t\t\t<\/div>\n\t\t\t\t\t\t<div class=\"eael-feature-list-content-box\">\n                            <h4 class=\"eael-feature-list-title\">Localisation<\/h4>\t\t\t\t\t\t<p class=\"eael-feature-list-content\">Si\u00e8ge\u00a0 National\u00a0:<br>\n\nQuartier\u00a0: Ndjari \u00e0 c\u00f4t\u00e9 de l\u2019\u00e9cole nationale de formation judiciaire<br>\n\n7eme Arrondissement<br>BP1372<\/p>\n\t\t\t\t\t\t<\/div>\n\n\t\t\t\t\t<\/li>\n\t\t\t\t                <li class=\"eael-feature-list-item elementor-repeater-item-fb65dda\">\n                    \n\t\t\t\t\t\t<div class=\"eael-feature-list-icon-box\">\n\t\t\t\t\t\t\t<div class=\"eael-feature-list-icon-inner\">\n\n\t\t\t\t\t\t\t\t<a class=\"eael-feature-list-icon fl-icon-1\"href=\"tel:+235%2066%2025%2039%2084\">\n\n\t\t<i aria-hidden=\"true\" class=\"fas fa-phone-alt\"><\/i>\t\t\t\t\t\t\t\t<\/a>\n\t\t\t\t\t\t\t<\/div>\n\t\t\t\t\t\t<\/div>\n\t\t\t\t\t\t<div class=\"eael-feature-list-content-box\">\n                            <h4 class=\"eael-feature-list-title\"><a href=\"tel:+235%2066%2025%2039%2084\">T\u00e9l\u00e9phone<\/a><\/h4>\t\t\t\t\t\t<p class=\"eael-feature-list-content\">+235 66 25 39 84 <br>\n +235 66 35 61 71<br>\n+235 99 29 10 75\n\n<\/p>\n\t\t\t\t\t\t<\/div>\n\n\t\t\t\t\t<\/li>\n\t\t\t\t                <li class=\"eael-feature-list-item elementor-repeater-item-5963a44\">\n                    \n\t\t\t\t\t\t<div class=\"eael-feature-list-icon-box\">\n\t\t\t\t\t\t\t<div class=\"eael-feature-list-icon-inner\">\n\n\t\t\t\t\t\t\t\t<a class=\"eael-feature-list-icon fl-icon-2\"href=\"mailto:atahs.contact@atahs-td.org\">\n\n\t\t<i aria-hidden=\"true\" class=\"fas fa-comment-alt\"><\/i>\t\t\t\t\t\t\t\t<\/a>\n\t\t\t\t\t\t\t<\/div>\n\t\t\t\t\t\t<\/div>\n\t\t\t\t\t\t<div class=\"eael-feature-list-content-box\">\n                            <h4 class=\"eael-feature-list-title\"><a href=\"mailto:atahs.contact@atahs-td.org\">Email<\/a><\/h4>\t\t\t\t\t\t<p class=\"eael-feature-list-content\">atahs.contact@atahs-td.org\n\n\n<\/p>\n\t\t\t\t\t\t<\/div>\n\n\t\t\t\t\t<\/li>\n\t\t\t\t\t\t\t<\/ul>\n\t\t<\/div>\n\t\t\t\t\t\t<\/div>\n\t\t\t\t<\/div>\n\t\t\t\t\t<\/div>\n\t\t<\/div>\n\t\t\t\t\t<\/div>\n\t\t<\/section>\n\t\t<div data-particle_enable=\"false\" data-particle-mobile-disabled=\"false\" class=\"elementor-element elementor-element-1aa673f e-flex e-con-boxed e-con e-parent\" data-id=\"1aa673f\" data-element_type=\"container\" data-e-type=\"container\">\n\t\t\t\t\t<div class=\"e-con-inner\">\n\t\t\t\t<div class=\"elementor-element elementor-element-01045f2 elementor-widget elementor-widget-heading\" data-id=\"01045f2\" data-element_type=\"widget\" data-e-type=\"widget\" data-widget_type=\"heading.default\">\n\t\t\t\t<div class=\"elementor-widget-container\">\n\t\t\t\t\t<h2 class=\"elementor-heading-title elementor-size-default\">Nous disposons \u00e9galement de 06 antennes r\u00e9gionnales:<\/h2>\t\t\t\t<\/div>\n\t\t\t\t<\/div>\n\t\t\t\t\t<\/div>\n\t\t\t\t<\/div>\n\t\t\t\t<section data-particle_enable=\"false\" data-particle-mobile-disabled=\"false\" class=\"elementor-section elementor-top-section elementor-element elementor-element-db12a71 elementor-section-boxed elementor-section-height-default elementor-section-height-default\" data-id=\"db12a71\" data-element_type=\"section\" data-e-type=\"section\">\n\t\t\t\t\t\t<div class=\"elementor-container elementor-column-gap-default\">\n\t\t\t\t\t<div class=\"elementor-column elementor-col-50 elementor-top-column elementor-element elementor-element-6223c96\" data-id=\"6223c96\" data-element_type=\"column\" data-e-type=\"column\">\n\t\t\t<div class=\"elementor-widget-wrap elementor-element-populated\">\n\t\t\t\t\t\t<div class=\"elementor-element elementor-element-12afe78 elementor-widget elementor-widget-text-editor\" data-id=\"12afe78\" data-element_type=\"widget\" data-e-type=\"widget\" data-widget_type=\"text-editor.default\">\n\t\t\t\t<div class=\"elementor-widget-container\">\n\t\t\t\t\t\t\t\t\t<p>&#8211; <strong>Biltine<\/strong> : \u00e0 cot\u00e9 de marche centrale<br \/>Chef d\u2019antenne : Abakar Youssouf Ory<br \/>Contact : +235 66 32 89 32<br \/>Email : oryfils@gmail.com<br \/>&#8211; <strong>Abech\u00e9<\/strong> : au quartier Ardal Habahibe ,derriere la Voirie urbaine de la ville<br \/>Chef d\u2019antenne :Mahamat Alnour Ouchar<br \/>Tel : +235 66321052<br \/>Email:oucharalnour@gmail.com<br \/>&#8211; <strong>Sarh<\/strong> : au Quartier mangara<br \/>Chef d\u2019antenne : Asdom Kemisso Ambroise<br \/>Contact : +235 63 0406 73<br \/>Email : asdomkemisso@gmail.com<br \/><br \/><\/p>\t\t\t\t\t\t\t\t<\/div>\n\t\t\t\t<\/div>\n\t\t\t\t\t<\/div>\n\t\t<\/div>\n\t\t\t\t<div class=\"elementor-column elementor-col-50 elementor-top-column elementor-element elementor-element-9d306a5\" data-id=\"9d306a5\" data-element_type=\"column\" data-e-type=\"column\">\n\t\t\t<div class=\"elementor-widget-wrap elementor-element-populated\">\n\t\t\t\t\t\t<div class=\"elementor-element elementor-element-e0301ef elementor-widget elementor-widget-text-editor\" data-id=\"e0301ef\" data-element_type=\"widget\" data-e-type=\"widget\" data-widget_type=\"text-editor.default\">\n\t\t\t\t<div class=\"elementor-widget-container\">\n\t\t\t\t\t\t\t\t\t<p>&#8211; <strong>Faya-Largeau<\/strong> :Quartier Ery<br \/>Chef d\u2019antenne : Olivier Ngarsine<br \/>Contact : +235 62 22 19 02<br \/>&#8211;<strong>Bardai<\/strong> :<br \/>Chef d\u2019antenne : Mahamat Galmaye<br \/>Contact : +235 66 28 59 73<br \/>&#8211; <strong>Ounianga Kebir<\/strong> :<br \/>Chef d\u2019antenne : Hamid Brahim Wardougou<br \/>Contact : +235 66 65 28 70<\/p>\t\t\t\t\t\t\t\t<\/div>\n\t\t\t\t<\/div>\n\t\t\t\t\t<\/div>\n\t\t<\/div>\n\t\t\t\t\t<\/div>\n\t\t<\/section>\n\t\t\t\t<\/div>\n\t\t","protected":false},"excerpt":{"rendered":"<p>Contact Notre localisation (Si\u00e8ge) Envoyez-nous un message ici Web Site Nom complet Num\u00e9ro de t\u00e9l\u00e9phone Adresse E-mail Message Contacts Localisation Si\u00e8ge\u00a0 National\u00a0: Quartier\u00a0: Ndjari \u00e0 c\u00f4t\u00e9 de l\u2019\u00e9cole nationale de formation judiciaire 7eme ArrondissementBP1372 T\u00e9l\u00e9phone +235 66 25 39 84 +235 66 35 61 71 +235 99 29 10 75 Email atahs.contact@atahs-td.org Nous disposons \u00e9galement de 06 antennes r\u00e9gionnales: &#8211;&#8230;<\/p>\n","protected":false},"author":1,"featured_media":0,"parent":0,"menu_order":0,"comment_status":"closed","ping_status":"closed","template":"elementor_header_footer","meta":{"_acf_changed":false,"om_disable_all_campaigns":false,"_monsterinsights_skip_tracking":false,"_monsterinsights_sitenote_active":false,"_monsterinsights_sitenote_note":"","_monsterinsights_sitenote_category":0,"footnotes":""},"class_list":["post-315","page","type-page","status-publish","hentry"],"acf":[],"aioseo_notices":[],"_links":{"self":[{"href":"https:\/\/atahs-td.org\/index.php\/wp-json\/wp\/v2\/pages\/315","targetHints":{"allow":["GET"]}}],"collection":[{"href":"https:\/\/atahs-td.org\/index.php\/wp-json\/wp\/v2\/pages"}],"about":[{"href":"https:\/\/atahs-td.org\/index.php\/wp-json\/wp\/v2\/types\/page"}],"author":[{"embeddable":true,"href":"https:\/\/atahs-td.org\/index.php\/wp-json\/wp\/v2\/users\/1"}],"replies":[{"embeddable":true,"href":"https:\/\/atahs-td.org\/index.php\/wp-json\/wp\/v2\/comments?post=315"}],"version-history":[{"count":61,"href":"https:\/\/atahs-td.org\/index.php\/wp-json\/wp\/v2\/pages\/315\/revisions"}],"predecessor-version":[{"id":1462,"href":"https:\/\/atahs-td.org\/index.php\/wp-json\/wp\/v2\/pages\/315\/revisions\/1462"}],"wp:attachment":[{"href":"https:\/\/atahs-td.org\/index.php\/wp-json\/wp\/v2\/media?parent=315"}],"curies":[{"name":"wp","href":"https:\/\/api.w.org\/{rel}","templated":true}]}}